f q and 4?
4
Let x(p) = -p**3 + 13*p**2 - 13*p + 15. Let m be x(12). Suppose 0 = -h - 3*z + 3, 2*h - 9 = -m*z - 2*z. Calculate the highest common factor of h and 24.
12
Suppose -32 = n - 10. Let d = n - -37. What is the greatest common divisor of d and 6?
3
Let j = 28 - 18. Suppose 312*t + 256 = 344*t. Calculate the greatest common divisor of j and t.
2
Let h be -2*2*9/(-12). Let z(t) = -4*t + 4*t**3 - 3*t**3 + t**3 - 8*t**2 + 10 - 3*t**h. Let i be z(-8). Calculate the highest common factor of 6 and i.
6
Let r(q) = -q**3 + 6*q**2 + 8*q + 15. Let w be r(7). Let f = 181 + 17. Calculate the highest common factor of f and w.
22
Suppose 1 = -b + 2, u - b = 4. Suppose u*c - 510 = 260. Suppose 286 = 47*w - 372. Calculate the highest common factor of c and w.
14
Let c be 5 + -1*(-3 - -6). Suppose -c*j + j = -5. Suppose -5*i - 4*l - 35 = -8*i, 4*l = 2*i - 30. Calculate the highest common divisor of j and i.
5
Let a be 12/(-9) - (-455)/15. What is the greatest common factor of 725 and a?
29
Let g be (-2 + 18/(-10))/(18/(-450)). Calculate the greatest common factor of g and 15.
5
Let g(y) = 166*y - 428. Let q be g(29). What is the greatest common factor of q and 17?
17
Let j(k) = 4*k**2 - 90*k - 27. Let f be j(23). Calculate the greatest common divisor of 304 and f.
19
Let b = 51 - 20. Let p = b - -17. Calculate the highest common factor of p and 16.
16
Let y(v) = 20*v - 10. Let g be y(7). Suppose 0*a = -5*a + g. Let l = a + -14. What is the highest common divisor of 12 and l?
12
Suppose -4*x + 3 = u - 22, -2*x = -4*u + 82. Calculate the highest common factor of u and 777.
21
Let l = -946 - -1649. What is the greatest common factor of 57 and l?
19
Let c = -63 + 57. Let a be (11 + (-3 - c))*20. What is the greatest common divisor of 40 and a?
40
Let l = 15 - -5. Suppose 5 = -3*v + l. Let t be 2/3 + (-1330)/(-30). What is the greatest common factor of v and t?
5
Suppose 0 = 49*p - 47*p - 130. Suppose 2*a - 4*o - 55 = -a, 0 = 4*a - 4*o - 68. What is the greatest common factor of a and p?
13
Let h(c) = c**2 + 2*c - 2. Let y be h(-4). Let p(a) = -a**3 + 5*a**2 + 9*a - 14. Let q be p(y). Calculate the highest common divisor of q and 10.
2
Let k(w) = -51*w + 555. Let j be k(-4). What is the highest common factor of 99 and j?
33
Let f(v) = 5*v - 3. Let c be f(3). Let r = 37 - 36. Let z be 8*r + -9 + 7. Calculate the highest common factor of c and z.
6
Let k = 102 + -87. Calculate the highest common factor of k and 645.
15
Let d be ((-3)/(-1) - 10/(-10)) + -1. What is the highest common factor of d and 81?
3
Suppose -43 - 21 = -4*m. Let w = -10 + m. Let p = -112 + 115. Calculate the greatest common divisor of p and w.
3
Let o be (28 + -35)*(-60)/7. Calculate the highest common factor of 120 and o.
60
Suppose -o + 3*z = 3, -2*o + 3*o + 4*z - 11 = 0. Let g(c) = 4*c + 57. Let a be g(-9). Let f = a + -20. Calculate the greatest common factor of f and o.
1
Suppose 2*s + 7 = 5*n, -s + 3*n - n - 3 = 0. Let p be -65*s/(5/2). What is the greatest common divisor of 78 and p?
26
Let j be 2/(-5) + (-112)/(-5). Let m(x) = -x**3 + 5*x + 10. Let u = -45 + 40. Let g be m(u). Calculate the highest common factor of j and g.
22
Suppose -46 = 4*m + f, m - f + 3 = -6. Let p be (-1)/(-2)*8/(-4). Let j be (p - -3)/2 - m. What is the highest common factor of 120 and j?
12
Suppose 0 = -2*k, 4*r + 4*k = 7*r - 48. Suppose 6*z - z + 4*h = 700, 5*h + 457 = 3*z. What is the greatest common divisor of r and z?
16
Let q(g) = -38*g + 354. Let r be q(9). Let j = 19 + 5. Calculate the highest common factor of j and r.
12
Suppose 10*o + 7*o = 884. What is the greatest common divisor of 65 and o?
13
Let i = 79 + -66. Let j(w) = -w + 19. Let k be j(i). What is the highest common divisor of 60 and k?
6
Let m be (-4*(-2)/16)/((-3)/132). Let i = 8 - m. Calculate the greatest common factor of i and 120.
30
Let j be 4 + 529 + (-20)/(-4). Calculate the highest common divisor of j and 2.
2
Let o(w) = -w**2 - 31*w - 190. Let k be o(-10). What is the highest common factor of 28 and k?
4
Let q be 7/(6/252*3). Suppose 3*n - q - 118 = 0. What is the highest common divisor of n and 9?
9
Let q = 1194 - 918. Calculate the highest common factor of 36 and q.
12
Let v(j) = 8*j. Let a be v(1). Suppose -4*f - 144 = -a*f. Let g = 62 - f. Calculate the greatest common divisor of g and 65.
13
Let q = 930 - 859. Let p = 14 - 10. Suppose 84 = i + 3*u - q, 4 = p*u. Calculate the highest common divisor of i and 19.
19
Let i = 248 - 232. Calculate the greatest common divisor of 12 and i.
4
Let j = 16 + -13. Let p be (-16)/24 + 146/j. Suppose 0 = 5*u - p + 3. What is the highest common divisor of u and 6?
3
Let g(t) = -t - 3*t**2 + 7 + 11*t + t**3 - 6*t**2. Suppose -49 = 2*y - 65. Let j be g(y). Calculate the greatest common factor of j and 161.
23
Suppose -s + 18 = -5*x, -8 = x + 3*x. Let h = -86 + 102. What is the highest common factor of s and h?
8
Let m(d) = -4*d**2 - 14*d + 14. Let y be m(-7). Let b be ((-3)/36*-4)/((-2)/y). Calculate the highest common factor of b and 49.
7
Let f be 58/(-4) + 3/6. Let t be ((-40)/f)/(36/126). What is the highest common factor of 10 and t?
10
Suppose -2*y + 30 = -4*n, -y + 2 = -3*n - 15. Calculate the highest common factor of 737 and y.
11
Suppose -k = -4*u + 2356, 2*u - 3*k = 1485 - 317. Calculate the greatest common divisor of 10 and u.
10
Let f = -577 - -973. What is the highest common divisor of 22 and f?
22
Let w be 1*-1 + 12 + 79. Suppose 0 = -3*c + c + 66. Suppose z = -3*s + c, s = -0*s + z + 7. Calculate the greatest common divisor of w and s.
10
Suppose 0 = -5*o - 5*i + 50, -3*o - 41 = -5*o + 5*i. Calculate the highest common factor of o and 637.
13
Let i = 28 + -25. Suppose 3*a + i*z = 3, 5*z + 42 = 17. What is the greatest common divisor of a and 30?
6
Let p(r) = -26*r - 28. Let j be p(-2). Calculate the highest common divisor of 32 and j.
8
Suppose 1100 = -134*p + 138*p. What is the greatest common divisor of p and 110?
55
Suppose 10*h = 6*h + 5*m + 72, 4*h + 3*m - 72 = 0. Calculate the highest common factor of h and 24.
6
Suppose 3*x + 2*l - 511 = 438, 0 = -2*l + 4. Calculate the greatest common factor of 210 and x.
105
Let s(h) = 3*h**3 - 5*h**2 + 22*h + 3. Let p be s(3). What is the greatest common factor of p and 75?
15
Let g = -71 - -80. Suppose 534 = 3*d + 5*c - g*c, 3*d = -4*c + 558. Calculate the highest common divisor of 26 and d.
26
Let y be (2 - 2)/1 - -8. Suppose 0 = 4*f - 64 + y. Let n be (8/(-4) + -12)*-11. What is the highest common factor of f and n?
14
Let o(l) = l**3 + 4*l**2 - 2*l + 4. Let d be o(-4). Let s = d + -19. Let y = s + 23. What is the highest common factor of y and 16?
16
Suppose 81 = -76*i + 79*i. Calculate the greatest common divisor of i and 243.
27
Suppose -4*v - 20 = -8*v. Suppose -88 + 28 = -v*f. Suppose n - 2*n = -f. What is the greatest common divisor of n and 4?
4
Let n(i) = i**3 - 9*i**2 + 12. Let h be n(9). Suppose f + 4 = 0, f = 3*o - 2*o + 3. Let y = o + h. What is the greatest common divisor of 5 and y?
5
Let s(p) = p**2 - 22*p - 46. Let h be s(25). Calculate the highest common divisor of h and 232.
29
Let w be 10/6*(14 - (-3 + 8)). Let j(b) = -b**3 + 7*b**2 + 13*b - 15. Let i be j(8). Calculate the highest common divisor of i and w.
5
Let w be (3 - 0) + 13/((-52)/(-84)). What is the highest common factor of w and 528?
24
Suppose 2*i - 14 = -4*v, 0*i - 5 = -3*i - 2*v. Let p be 1/i - 126/6. Let l = 28 + p. Calculate the highest common divisor of 18 and l.
6
Let j = -1020 + 1134. Suppose -x + 2*x = 6. Calculate the greatest common factor of x and j.
6
Suppose 5*w - 10*w = 0. Let g be 38 + w + -1 + 0/(-5). What is the highest common factor of g and 37?
37
Let g(k) = -k**2 - 17*k + 110. Let m be g(-18). What is the greatest common divisor of m and 8?
4
Suppose n + n + 4*f - 112 = 0, 0 = -3*f + 6. Suppose 4*p - n = 3*z, -z - z = 8. Let q = 18 + 12. What is the highest common divisor of p and q?
10
Let p be 822/42 - 21/(-49). Calculate the highest common factor of p and 2190.
10
Let g be (1 + (-9)/15)*1260/14. Let t = 130 - 76. What is the greatest common factor of g and t?
18
Suppose 4*i - 5*w = 439, -2*i = -4*w + 2*w - 218. Let s = i + 49. What is the highest common factor of s and 31?
31
Suppose -5*x + 72 = 3*y, -5*x + 3*y = -0*y - 4